he hundreds digit of o?
3
Suppose 107*j - 13544 = 104*j - 2*g, 2*g = 8. What is the units digit of j?
2
Suppose -2*l = 1085*k - 1081*k - 13352, -3*k = l - 6675. What is the tens digit of l?
7
Suppose z - 2*v - v = -47, -3*v = 4*z + 128. What is the hundreds digit of z/(-49) + -1 + (-3243)/(-7)?
4
Let i(k) = -3565*k + 449. What is the ten thousands digit of i(-8)?
2
Let u(c) = -13*c + 13. Suppose -3*i - 21 = 3*f, 13*f - 37 = 3*i + 8*f. What is the hundreds digit of u(i)?
1
Suppose -15*v + 22016 = -38179. What is the units digit of v?
3
Suppose -20*j - 5604 + 114910 = -16074. What is the hundreds digit of j?
2
Let v(n) = -1228*n - 843. What is the hundreds digit of v(-2)?
6
Suppose -3*i = 3*b - 27714, -4*i + 12*b + 36955 = 13*b. What is the thousands digit of i?
9
Let p = 955 + -737. Let v be 1/4 + (-509)/4. Let t = v + p. What is the units digit of t?
1
Suppose 0 = 3*o - p - 1588, 8 - 2666 = -5*o - 4*p. Let v = 99 + o. What is the tens digit of v?
2
Let n(s) = -s**3 - 2*s**2 + 3*s + 5. Let a be n(-2). Let x(f) = -179*f + 5. What is the hundreds digit of x(a)?
1
Suppose -3*s = 3, -1234*p + 5*s + 40676 = -1231*p. What is the units digit of p?
7
Suppose -6 = -2*z + 2*w, -2*w - w + 9 = 3*z. Suppose -2*i + 378 = -z*h + 4*h, -3*i + 378 = h. What is the hundreds digit of h?
3
Let p(h) = 276*h**3 + 23*h**2 - 117*h + 18. What is the units digit of p(5)?
8
Let d be ((-4)/7)/(9 + (-448)/49). Suppose 10*x - 7*x - 924 = -3*o, 0 = -d*o + 3*x + 1225. What is the units digit of o?
7
Let b(h) = 11*h - 3. Let q be b(2). Let k = -263 - -459. Let d = k + q. What is the units digit of d?
5
Let k = 448 + 6191. What is the units digit of k?
9
Let p be (36/(-54))/(2/(-18)). Suppose k - 9*t = -p*t + 998, 4*k + 5*t = 4060. Suppose -407 - k = -13*o. What is the hundreds digit of o?
1
Let j(n) = n**2 - 5*n - 14. Let m be j(8). Let d be (-76)/m + (-20)/50. What is the units digit of 6/(-4) + (-100)/d?
1
Suppose -7 = 4*d - c - 26, -4*c + 9 = d. Suppose 17*s - 18*s + 22 = 4*y, d*y = -s + 27. What is the units digit of y?
5
Let k(l) = 2*l - 2. Let o be k(1). Suppose -2*b + 4*b + 2*g - 3300 = 0, o = -4*b + 3*g + 6586. What is the tens digit of b?
4
Suppose -4*n - 4*b = 296, -8 = b - 3. Let j be (-4*(-1)/12 + 0)*105. Let l = j - n. What is the hundreds digit of l?
1
What is the hundreds digit of (6615/(-20))/(10/(-240))?
9
Let p = -56 - -59. Suppose -13752 = -p*h + 11*h. What is the hundreds digit of h/(-15) + (-14)/(-35)?
1
Suppose 0 = -t - t + 4*s - 1134, 4*s = 8. Let n = -148 - t. What is the units digit of n?
5
Suppose 0*k = -5*k + 40. Let v(z) = -k*z + 26*z - 15 + 3*z + 12*z. What is the hundreds digit of v(4)?
1
Let s be (-8)/(-52) - 4341764/(-182). Suppose -11*k - 17*k = -s. What is the tens digit of k?
5
Suppose -184*z + 8877399 - 2604671 = -48*z. What is the hundreds digit of z?
1
Let w = -121 + 114. Let d(b) = 3*b**2 + 21*b + 13. What is the tens digit of d(w)?
1
Suppose 0 = -722*j + 721*j + 291. Let l = 1011 + j. What is the tens digit of l?
0
Let c(w) = 49*w**2 - 78*w - 31. Let z be c(6). Let r(v) = -v**3 + 9*v**2 + 2. Let p be r(9). Suppose p*x + z = 7*x. What is the units digit of x?
3
Suppose 1455 = 12*i - 3909. What is the hundreds digit of i + (-1 - 5) + 2?
4
Suppose -x - y = 2*y + 9, 0 = -x + 3*y + 9. Let k = x - 2. What is the tens digit of (4/((-2)/k))/((-1)/(-17))?
6
Suppose 4*r = -5*r + 21573. Let p = -941 + r. What is the units digit of p?
6
Suppose 5*d - 305 = 2*d + 4*y, -3*y + 3 = 0. Let u = 309 - d. What is the hundreds digit of u?
2
Suppose 5*a - 12 - 23 = -4*u, 4*u = 3*a + 11. Suppose 4*g = -k - 4, -5*k - 3*g = -3*k + a. Suppose k = -2*w + 98 - 20. What is the tens digit of w?
3
Suppose 7*r + 24 = 9*r. Suppose r*w - 9*w = -204. Let k = 185 + w. What is the hundreds digit of k?
1
Let s(a) = -a**3 + 4*a**2 - 2*a - 10. Let j = 95 + -100. Let o be s(j). Suppose o = -5*b + 14*b. What is the tens digit of b?
2
What is the hundreds digit of (-6684 + 14)*(-7 + 6)?
6
Let c = 36 + -6. Suppose -11*d + c = -3. Suppose 384 = -d*b + 7*b. What is the units digit of b?
6
Suppose 2*d = 2*k - 11835 + 2903, -4*d = -12. Suppose -3*y - 367 + k = -2*z, 5*y - 6854 = -z. What is the hundreds digit of y?
3
Let s(l) = 140*l + 21. Let z be s(2). Let n = -285 + z. What is the units digit of n?
6
Suppose 5*h = -13*h + 32*h - 112406. What is the hundreds digit of h?
0
Let o be ((-4)/22 - 48/(-22)) + -12. Suppose -2*m + 5*j + 90 = 0, -5*m + j + 227 - 48 = 0. Let h = m + o. What is the tens digit of h?
2
Let j be 0*(1/1)/(-4). Suppose -5*d - 2*a + 1325 = j, -227 = -d + 5*a + 65. Suppose -6*w = -3*w + 3*q - d, q + 99 = w. What is the units digit of w?
4
Suppose -4*f + 5*s + 40486 = 0, 4*s = -3*f + 51937 - 21619. What is the thousands digit of f?
0
Let i = 49 - 42. Let l(z) = -z**3 + 7*z**2 + 13*z + 19. What is the units digit of l(i)?
0
Suppose -b - 5*x = -846, -3*b - 2*x + 2538 = -4*x. Suppose 5*z - 2*z - 3*g - b = 0, -566 = -2*z + 4*g. What is the hundreds digit of z?
2
Let z(n) be the first derivative of 473*n**4/4 + n**2/2 - n - 97. What is the hundreds digit of z(1)?
4
Let x = 49 - 73. Let s = x + 392. What is the hundreds digit of s?
3
Suppose 2*r - 3*i - 1 = 0, 4*i + 8 = -5*r + 9*r. What is the tens digit of 114*(-5)/(100/r)*-18?
1
Suppose -5*i = 4*t - 8*t + 8, 2*i = 8. Suppose h + 2 - t = 0, 3*s = -3*h + 264. Suppose 2*a = -4*w + 333 + s, -5*w + 513 = -a. What is the tens digit of w?
0
Let r(u) = 159*u - 99. What is the tens digit of r(6)?
5
Suppose -183 = 7*w + 650. Let m = 95 - w. What is the units digit of m?
4
Suppose 7*x - 18 = 374. Suppose x*a + 6032 = 60*a. What is the units digit of a?
8
Let p(w) = 23*w + 21. Let m(y) = -47*y - 41. Let o(t) = -4*m(t) - 9*p(t). Let r(u) = 116*u + 4397. Let l be r(-38). What is the hundreds digit of o(l)?
1
Suppose -6*t = 5*g - 21468, -5*g - 10*t + 21453 = -9*t. What is the hundreds digit of g?
2
Let q = 44006 + -18689. What is the ten thousands digit of q?
2
Let c = 638 - 622. Suppose 0 = 14*b - c*b + 1438. What is the hundreds digit of b?
7
Suppose 0 = -32*r + 6*r + 5*r + 144312. What is the tens digit of r?
7
Let n be (-1154)/(-3) + (-10)/15. Let w = 511 - n. What is the units digit of w?
7
What is the tens digit of 5678920/572 - (-6)/(-33)?
2
Suppose 31*g + 23306 = 242321. What is the hundreds digit of g?
0
What is the units digit of 8595 + -21 - (5 + 8)?
1
Suppose o = 3, o - 5 + 18 = -2*f. Let t(c) = -c + 1. Let q(y) = -11*y + 25. Let v(z) = q(z) - 2*t(z). What is the tens digit of v(f)?
9
Suppose -8*o = -452 + 52. Suppose -3*y - 4*h = -o - 2986, 2*h - 6 = 0. What is the tens digit of y?
0
Let z(m) = -11*m + 85. Let f be z(8). What is the units digit of -497*(-3 + 6)/f?
7
Suppose -46*j = -47*j - 56. Let f be 12960/j + (-12)/21. What is the hundreds digit of -3 + ((-12)/(-4) - f) - -4?
2
Let t = -8496 - -17047. What is the hundreds digit of t?
5
Suppose 2*q = -4*f + 28, 6*q = 2*q + 5*f - 9. Suppose 3*y - q*h + 705 = 0, -4*h = -0*y + 5*y + 1175. Let o = -141 - y. What is the units digit of o?
4
Let v(b) = -5*b**3 - b**2 + 6*b - 12. Let o(h) = -11*h**2 - h + 12*h**2 - h**3 + 0*h**3. Let p(f) = -4*o(f) + v(f). What is the units digit of p(-9)?
2
Let f(l) = -l**3 + 38*l**2 - 34*l - 21. Let s be f(37). What is the tens digit of -6*(-974)/10*s/54?
7
Suppose 13*f - 336090 = -8*f + 11*f. What is the thousands digit of f?
3
What is the tens digit of 1/2 - (-21104545)/410?
7
Let q be (-3 + 1/2)*4*-2. Let h = q + 203. What is the units digit of h?
3
Let n = -68 - -69. What is the hundreds digit of n + 519/3 + 1 + -4?
1
Suppose d - 4*d - 3*f = -4962, -4*d + 4*f = -6656. Suppose -3*b + d = -4*n, 0 = 3*b + 4*n - 667 - 968. What is the units digit of b?
9
Let b be (-57)/(-95) - (-5027)/5. Let p = 1564 - b. What is the tens digit of p?
5
Suppose -31*s = -28*s - 72. Suppose 5*a = 4*v - 6043, 22*a - s*a + 1501 = v. What is the units digit of v?
7
Suppose 0 = -3*w + 3, -5*x - 3*w = -0*x - 163. Let m = -8999 - -9268. What is the hundreds digit of m + 3 + x/8?
2
Suppose -26*c - 48621 = -29*c - 16*c. What is the tens digit of c?
5
Let y(g) = 4*g**2 + 18*g + 44. Let u = -16 - -153. Let p = -147 + u. What is the units digit of y(p)?
4
Suppose -21904 = -4*x + 4*d, -2*d = -4*x + 3357 + 18543. What is the tens digit of x?
7
Suppose -87 = 2*v - h, 2*v + 